t is the units digit of 466392?
2
What is the millions digit of 38624535?
8
What is the hundreds digit of 10287156?
1
What is the hundreds digit of 4595776?
7
What is the hundreds digit of 734010?
0
What is the units digit of 125651?
1
What is the hundreds digit of 1956633?
6
What is the hundred thousands digit of 7792117?
7
What is the thousands digit of 5720259?
0
What is the millions digit of 3167717?
3
What is the thousands digit of 1188809?
8
What is the hundred thousands digit of 9241465?
2
What is the thousands digit of 774505?
4
What is the hundreds digit of 21798197?
1
What is the tens digit of 2139837?
3
What is the hundreds digit of 4279611?
6
What is the ten thousands digit of 550261?
5
What is the thousands digit of 45274174?
4
What is the hundreds digit of 14624047?
0
What is the tens digit of 949991?
9
What is the thousands digit of 68715?
8
What is the tens digit of 3972849?
4
What is the ten thousands digit of 2518430?
1
What is the hundreds digit of 979180?
1
What is the tens digit of 516239?
3
What is the hundred thousands digit of 1084574?
0
What is the hundred thousands digit of 28373567?
3
What is the tens digit of 2788357?
5
What is the hundreds digit of 791295?
2
What is the thousands digit of 233379?
3
What is the units digit of 2793416?
6
What is the thousands digit of 437053?
7
What is the tens digit of 11596986?
8
What is the ten thousands digit of 196925?
9
What is the thousands digit of 621340?
1
What is the thousands digit of 697958?
7
What is the hundred thousands digit of 3820210?
8
What is the hundreds digit of 332153?
1
What is the hundreds digit of 281045?
0
What is the hundreds digit of 55450?
4
What is the millions digit of 11974315?
1
What is the millions digit of 1079804?
1
What is the units digit of 10141?
1
What is the thousands digit of 407482?
7
What is the ten thousands digit of 2613054?
1
What is the tens digit of 17486129?
2
What is the hundred thousands digit of 1588360?
5
What is the tens digit of 395121?
2
What is the hundreds digit of 13651980?
9
What is the thousands digit of 732407?
2
What is the ten thousands digit of 1401720?
0
What is the ten thousands digit of 19254320?
5
What is the millions digit of 2111175?
2
What is the tens digit of 522471?
7
What is the tens digit of 5644544?
4
What is the ten thousands digit of 210221?
1
What is the hundred thousands digit of 6101816?
1
What is the millions digit of 7362754?
7
What is the tens digit of 837130?
3
What is the hundred thousands digit of 372512?
3
What is the millions digit of 2798570?
2
What is the hundreds digit of 2890800?
8
What is the hundreds digit of 82315?
3
What is the millions digit of 1443820?
1
What is the tens digit of 1212294?
9
What is the tens digit of 20075870?
7
What is the units digit of 264455?
5
What is the millions digit of 18186337?
8
What is the hundred thousands digit of 126384?
1
What is the thousands digit of 1846954?
6
What is the thousands digit of 176193?
6
What is the units digit of 125562?
2
What is the ten millions digit of 13355404?
1
What is the hundreds digit of 124416?
4
What is the hundreds digit of 1171338?
3
What is the millions digit of 1146071?
1
What is the units digit of 107598?
8
What is the hundreds digit of 509820?
8
What is the units digit of 162044?
4
What is the tens digit of 14357?
5
What is the thousands digit of 2735296?
5
What is the hundred thousands digit of 3846086?
8
What is the thousands digit of 468483?
8
What is the hundred thousands digit of 3395134?
3
What is the tens digit of 4485619?
1
What is the ten thousands digit of 645527?
4
What is the units digit of 877061?
1
What is the ten thousands digit of 189945?
8
What is the units digit of 342999?
9
What is the tens digit of 319164?
6
What is the tens digit of 9217667?
6
What is the hundreds digit of 914069?
0
What is the units digit of 431005?
5
What is the thousands digit of 634939?
4
What is the hundreds digit of 13785661?
6
What is the ten thousands digit of 804490?
0
What is the hundred thousands digit of 2798413?
7
What is the ten thousands digit of 26843585?
4
What is the units digit of 13374878?
8
What is the tens digit of 8281394?
9
What is the thousands digit of 1714666?
4
What is the units digit of 1255920?
0
What is the thousands digit of 118180?
8
What is the units digit of 355099?
9
What is the ten thousands digit of 886819?
8
What is the tens digit of 263729?
2
What is the hundreds digit of 1354741?
7
What is the units digit of 206094?
4
What is the hundreds digit of 314207?
2
What is the tens digit of 302136?
3
What is the tens digit of 579708?
0
What is the thousands digit of 101134?
1
What is the units digit of 6970268?
8
What is the units digit of 2553018?
8
What is the hundred thousands digit of 231099?
2
What is the ten thousands digit of 516453?
1
What is the units digit of 15928879?
9
What is the thousands digit of 338014?
8
What is the thousands digit of 1626919?
6
What is the thousands digit of 521970?
1
What is the tens digit of 1280274?
7
What is the hundreds digit of 19506550?
5
What is the units digit of 393327?
7
What is the tens digit of 314959?
5
What is the hundreds digit of 610196?
1
What is the ten thousands digit of 366374?
6
What is the tens digit of 118121?
2
What is the thousands digit of 368098?
8
What is the millions digit of 1158007?
1
What is the ten thousands digit of 238220?
3
What is the tens digit of 19706503?
0
What is the units digit of 79314?
4
What is the thousands digit of 2022368?
2
What is the millions digit of 5801222?
5
What is the thousands digit of 1407194?
7
What is the hundreds digit of 10070533?
5
What is the tens digit of 1391107?
0
What is the ten thousands digit of 3211881?
1
What is the tens digit of 12167363?
6
What is the thousands digit of 826382?
6
What is the hundreds digit of 119311?
3
What is the hundreds digit of 15213?
2
What is the ten thousands digit of 368262?
6
What is the hundreds digit of 3165700?
7
What is the tens digit of 1959904?
0
What is the ten thousands digit of 29749922?
4
What is the thousands digit of 5729?
5
What is the hundreds digit of 130354?
3
What is the thousands digit of 7142910?
2
What is the hundred thousands digit of 297969?
2
What is the ten thousands digit of 460014?
6
What is the tens digit of 610760?
6
What is the units digit of 270793?
3
What is the thousands digit of 101700?
1
What is the tens digit of 184304?
0
What is the ten thousands digit of 1766227?
6
What is the ten thousands digit of 37750?
3
What is the millions digit of 1058195?
1
What is the hundreds digit of 5167836?
8
What is the thousands digit of 11523443?
3
What is the units digit of 499742?
2
What is the units digit of 13575965?
5
What is the tens digit of 3078962?
6
What is the hundreds digit of 10593597?
5
What is the hundred thousands digit of 1713544?
7
What is the hundreds digit of 260801?
8
What is the tens digit of 28249093?
9
What is the thousands digit of 6592209?
2
What is the tens digit of 546949?
4
What is the hundreds digit of 236887?
8
What is the thousands digit of 514945?
4
What is the units digit of 2030531?
1
What is the hundred thousands digit of 3727057?
7
What is the tens digit of 1583440?
4
What is the millions digit of 2570495?
2
What is the tens digit of 2508458?
5
What is the thousands digit of 51266?
1
What is the tens digit of 206240?
4
What is the hundreds digit of 171891?
8
What is the thousands digit of 143803?
3
What is the tens digit of 816749?
4
What is the tens digit of 10293893?
9
What is the millions digit of 7290805?
7
What is the hundred thousands digit of 2498060?
4
What is the units digit of 214813?
3
What is the hundreds digit of 18686291?
2
What is the ten thousands digit of 1109738?
0
What is the hundred thousands digit of 1838469?
8
What is the units digit of 4192072?
2
What is the ten thousands digit of 4785105?
8
What is the ten thousands digit of 881975?
8
What is the hundreds digit of 14373351?
3
What is the thousands digit of 9038?
9
What is the hundreds digit of 696822?
8
What is the ten thousands digit of 23110840?
1
What is the units digit of 7154624?
4
What is the units digit of 82824?
4
What is the units digit of 453504?
4
What is the hundred thousands digit of 863076?
8
What is the hundreds d